 = -4*w. What is the tens digit of z?
5
Let r be (-2)/(-4) - (-14)/4. Let k be (-98)/(-16) + (-8)/64. Suppose -2*m + 194 = r*c, -k*c + 4*m + 176 = -2*c. What is the tens digit of c?
4
Let o = -1756 + 2568. What is the units digit of o?
2
Let p(i) = -i**2 - 15*i - 22. What is the units digit of p(-2)?
4
Suppose -23*k = -18*k - 7255. What is the tens digit of k?
5
Let s(i) be the third derivative of -i**6/120 + i**5/5 - 11*i**4/24 - i**3/6 + 2*i**2. Let d be s(11). What is the tens digit of d/(-3 - 32/(-11))?
1
What is the units digit of (-54)/(-891) + (-23888)/(-66)?
2
Let g = 1694 + -984. What is the units digit of g?
0
Let x(u) = -u**3 + 5*u**2 - 9*u + 12. What is the hundreds digit of x(-6)?
4
Suppose h + p - 2*p = 307, -p + 1511 = 5*h. What is the units digit of h?
3
Let o be (-1 - 30/4)*-2. Suppose 0 = -18*j + o*j. Suppose 2*f - 45 = -2*g - 3*f, j = -5*g + 4*f + 30. What is the tens digit of g?
1
Suppose -117559 + 405863 = 74*x. What is the units digit of x?
6
Let k(j) = 2*j**2 - 2*j - 13. Let u = -34 + 25. What is the tens digit of k(u)?
6
Let g = -103 + 109. Suppose 0 = g*w - 860 - 262. What is the tens digit of w?
8
Let d = 9503 - 6260. What is the hundreds digit of d?
2
Let y(i) = -15*i**3 + 2*i**2 - i. Let q be y(1). Let s = q + 37. What is the units digit of s?
3
Suppose 2*r = r - 8. Let m = 7 + r. What is the units digit of (m/2)/((-7)/70)?
5
Let z(g) = -2*g**2 + 38*g + 9. Let q be z(19). What is the units digit of 29/q - (-4)/(-18) - -8?
1
Let b(x) = x**3 - 4*x**2 - x - 7. Let l = 8 - 12. Let n = 1 - l. What is the tens digit of b(n)?
1
Suppose -185 = q + 95. Let m = 10 - q. What is the hundreds digit of m?
2
Let b = 645 + -259. Let m = b - 162. What is the units digit of m?
4
Let z be ((-4)/12)/(1/(-6)). Suppose 0 = 2*b - 4*r - 8, -r - z = 1. Let u(a) = -a. What is the units digit of u(b)?
2
Suppose -19 = -3*g + j, j + 3*j = -16. Suppose -3*d + d - 726 = -4*c, 0 = -4*c - d + 741. Suppose -b - c = -g*b. What is the tens digit of b?
4
Let u be (-12)/(-24)*(60 - -2). Let z = 66 - u. What is the tens digit of z?
3
Let x = 292 + 71. What is the hundreds digit of x?
3
Suppose 10 = -n - 3*g, -3*n = 2*n + 3*g + 2. Suppose -3*c - 1082 = -5*m, 2*c + 381 + 343 = n*m. What is the tens digit of 2/(-10) - c/20?
1
Suppose -33*o = -24*o - 1647. What is the hundreds digit of o?
1
Let v = 0 + 79. Let i = 125 - v. What is the tens digit of i?
4
Let s = 0 + 4. Suppose 0 = -3*r - s*j + 47, 4*j + 70 = 4*r + 2*j. Suppose 4*y - 93 + r = 0. What is the units digit of y?
9
Suppose -3*b + 12 = -b. What is the units digit of ((-28)/b + -4)*-3?
6
Let n(k) = -1 + 32*k**2 - 15*k**2 + 17*k**2 + 13*k**2. What is the units digit of n(1)?
6
Suppose 0 = 4*k - 0*k - 44. Suppose -l = 3*g + k - 0, 0 = 5*g + 2*l + 19. What is the units digit of 16 - 0/1 - g?
9
Suppose -n - 16*b + 21*b + 851 = 0, b + 1693 = 2*n. What is the units digit of n?
6
Let a(c) = -14*c + 12*c - 5 - 3. Let t be a(-6). What is the tens digit of t*36/3 + -2?
4
Suppose 10*j + 104 - 814 = 0. Let p = 75 - j. What is the units digit of p?
4
Let g be -19*4/(4/1). Let x = -30 - g. Let f = 0 - x. What is the tens digit of f?
1
Suppose 6*v - 7 = q + 4*v, -27 = -4*q - 3*v. Suppose -9 = -q*p - 0. Suppose -p*u - 220 = -8*u. What is the tens digit of u?
4
Let p(f) = -25*f + 22. What is the units digit of p(-27)?
7
Let x(l) = -8 - 7 + 3*l + 13. Let k be x(2). Suppose 20 - 148 = -k*c. What is the units digit of c?
2
Suppose 158*g - 152*g = 3642. What is the tens digit of g?
0
Suppose -2*c - 2*c = -5*r + 21, -c + 26 = 5*r. Suppose -b + 4*o + 110 = 3*o, o + 570 = r*b. What is the units digit of b?
5
Let q = -1254 + 2629. What is the units digit of q?
5
Suppose 558 = 4*m + 27*m. What is the units digit of m?
8
Let f = -11 - -11. Suppose f = -5*m + 5, 0*w - 26 = -3*w + 4*m. What is the units digit of 216/30 + (-2)/w?
7
Let n(u) = u**2 + 40*u + 1. What is the units digit of n(-43)?
0
Let v(t) = t**3 + 30*t**2 + 76*t + 6. What is the tens digit of v(-27)?
4
Let a(z) = z**2 + 18*z + 61. What is the units digit of a(-20)?
1
Let x(n) = -n**2 + 16*n + 6. Let l be x(12). Suppose -p = -2*p + l. What is the tens digit of p?
5
Let g = -23 + 17. Let v = g - -10. What is the units digit of ((-39)/(-3))/(2/v)?
6
Suppose -5*f = 2*o - 26, f - o = 2*f - 7. Suppose f*z + 65 = 17. Let l = 20 + z. What is the units digit of l?
8
Let r = -4333 + 7174. What is the tens digit of r?
4
Let u = -50 + 50. Suppose 5*i + 2*s = 11, 0 = 5*i - 3*s - u + 4. What is the units digit of i?
1
Suppose 4*g = -u - 0*g - 15, 4*u - 24 = 5*g. What is the tens digit of u + -3 + -1 - -69?
6
Let v(h) = -h + 1. Let a be v(-1). Let b(c) = 10*c - 5. What is the tens digit of b(a)?
1
Let p(w) = 2*w**2 - 8*w + 3. Let k be p(5). Suppose -4*v - 1 = -k. Suppose 5*r - 3*r + 3*z + 7 = 0, -v*r = 2*z - 2. What is the units digit of r?
4
Suppose -z + 5*x - 2*x + 1133 = 0, -3*x - 2269 = -2*z. What is the tens digit of z?
3
Let y = -3314 - -6836. What is the thousands digit of y?
3
Let z(f) = -f**2 + 11*f - 8. Let l be z(10). Suppose l*i - 3*i = 5*g, 3*g = -5*i - 22. Let t = -1 - i. What is the units digit of t?
4
Let z(i) = 2 + 1 - i**3 + 4*i**2 + 0. Let t(o) = -o**3 - 29*o**2 + o + 33. Let r be t(-29). What is the units digit of z(r)?
3
Let o = -55 - -131. Suppose 8*g - o = 7*g. What is the units digit of g?
6
Let m = -3009 + 4748. What is the units digit of m?
9
Suppose j - 10 - 22 = 0. Let o be (-4)/(j/(-76))*18. Suppose -2*q + o = 5*f - q, -2*q = f - 27. What is the units digit of f?
5
Suppose 3*z + 2*k - 621 = 0, 5*k = 5*z + 3*k - 1019. Suppose w = 2*w - z. What is the units digit of w?
5
Let j(o) = -o**3 - 7*o**2 - 3*o - 1. Let w be j(-7). Let p be (-696)/w - 3/15. What is the tens digit of (-5 - -1) + p/(-1)?
3
Let x(m) be the second derivative of m**4/12 + 25*m**2 - 34*m. Let r be (-1 - -1) + (-2 - -2). What is the tens digit of x(r)?
5
Let k = -14 - -34. Suppose 0 = -5*d - k + 225. What is the units digit of d?
1
Suppose 0 = -4*c - 3*u + 153 + 69, 0 = 5*c + 4*u - 278. Let y = c - 33. What is the units digit of y?
1
Let o(r) = -r**3 - 5*r**2 - 6*r - 6. Let s(u) = u**3 - 4*u**2 - 7*u + 6. Let g = -2 - -7. Let n be s(g). What is the units digit of o(n)?
2
Suppose 0*f + 4*f - 4*n = 28, n = -f - 3. Suppose 4*l + 33 = k, -f*k + 19 = 2*l - 7. Suppose 4*t - k + 1 = 0. What is the units digit of t?
4
Let q be ((-56)/(0 + 4))/(-2). Let o(d) = -d**3 + 8*d**2 + 4*d - 2. What is the units digit of o(q)?
5
Let m(i) = -i + 8. Let n be m(6). Suppose 3 - 1 = n*d. Let z(x) = 29*x**2 + 2*x - 1. What is the tens digit of z(d)?
3
Let p be (-4)/(-14) - (-26)/7 - -1. Let h = -15 + 58. Let n = h - p. What is the units digit of n?
8
Suppose -5*f = -4*f - 2*g - 1438, 7246 = 5*f + 4*g. What is the thousands digit of f?
1
Suppose 3*q - 6 = q. Suppose -4*v + q*u = -229, 5*v - u = 4*v + 57. Suppose 154 - v = 2*n. What is the tens digit of n?
4
Let g be 4/((-16)/(-2598)) - (-3)/2. Suppose 17*b = 24*b - g. What is the units digit of b?
3
Let v(i) = 3*i - 17. Let p be v(11). Let u(w) = -w**2 + 21*w - 32. What is the units digit of u(p)?
8
Let j(d) = -12*d + 173. What is the units digit of j(-21)?
5
Suppose -867 = -n - 4*s, -s - 3400 = 45*n - 49*n. What is the units digit of n?
1
Suppose -20 + 32 = 6*n. Suppose -5*f - a = n*a - 452, -2*f + 2*a + 168 = 0. What is the units digit of f?
8
What is the units digit of (2 - 0) + (-30 + 18)*-169?
0
Suppose -3*n - 8 - 97 = 0. Let i be 2375/n - (-1)/(-7). Let p = -35 - i. What is the units digit of p?
3
Suppose 0 = -65*f + 154320 + 226515. What is the units digit of f?
9
Let h(n) = 3147*n**3 + 2*n**2 - 9*n + 7. What is the hundreds digit of h(1)?
1
Let c = -17 - -26. Let j(o) = 3*o**3 - 3*o - 3 + 5*o - 2*o**3 - c*o**2. What is the units digit of j(9)?
5
Suppose -6*t + 2*r - 35 = -3*t, r = -5. Let y(d) = -d**2 - 22*d + 18. What is the tens digit of y(t)?
2
Let o be 1660/(-26) - (-12)/(-78). Suppose 2*u - 5*v + 17 = 0, 2*u + v + 2*v - 7 = 0. Let p = u - o. What is the tens digit of p?
6
Let j be 3/6 + (-5)/(-2). Let d be (-444)/(-16) + 1/4. Suppose -2*i = -j*b - 2*b - 17, 4*i - d = 4*b. What is the units digit of i?
6
Suppose -151*u + 1077 = -150*u. What is the hundreds digit of u?
0
What is the thousands digit of (-3)/(9/(-16))*(-24297)/(-52)?
2
Suppose 3